{"id":1132,"date":"2016-12-15T13:20:27","date_gmt":"2016-12-15T12:20:27","guid":{"rendered":"http:\/\/www.touza.com\/el-estudio\/"},"modified":"2026-06-11T11:16:35","modified_gmt":"2026-06-11T10:16:35","slug":"atelier","status":"publish","type":"page","link":"https:\/\/www.touza.com\/fr\/atelier\/","title":{"rendered":"Atelier"},"content":{"rendered":"<ul>\n<li>Depuis 1974, TOUZA ARQUITECTOS exerce son activit\u00e9 de studio professionnel, couvrant tous les domaines de l&rsquo;architecture (logements sociaux, r\u00e9habilitation de b\u00e2timents historiques et artistiques, \u00e9tablissements de sant\u00e9 et m\u00e9dico-sociaux, h\u00f4tels, centres universitaires, etc.), ainsi que l&rsquo;architecture d&rsquo;int\u00e9rieur et l&rsquo;urbanisme.<\/li>\n<li>Fond\u00e9 par l&rsquo;architecte et urbaniste Julio Touza Rodr\u00edguez, le studio a r\u00e9alis\u00e9, en 50 ans d&rsquo;exp\u00e9rience, plus de 2\u00a0500 projets, notamment dans les secteurs r\u00e9sidentiel, bureaux et si\u00e8ges sociaux, b\u00e2timents commerciaux, complexes sportifs et h\u00f4teliers, sans oublier d&rsquo;autres typologies uniques (temples, mus\u00e9es, b\u00e2timents technologiques, complexes touristiques, etc.) \u00e0 diff\u00e9rentes \u00e9chelles.<\/li>\n<li>Le travail du studio s&rsquo;inscrit dans une conception de l&rsquo;architecture au service de la soci\u00e9t\u00e9, avec pour objectif ultime le bien-\u00eatre des personnes et la contribution \u00e0 l&rsquo;harmonie de leur environnement, sans pour autant renoncer \u00e0 ce \u00ab\u00a0petit plus\u00a0\u00bb que notre discipline peut apporter une fois les besoins techniques et fonctionnels satisfaits\u00a0: la beaut\u00e9.<\/li>\n<\/ul>\n","protected":false},"excerpt":{"rendered":"<p>Depuis 1974, TOUZA ARQUITECTOS exerce son activit\u00e9 de studio professionnel, couvrant tous les domaines de l&rsquo;architecture (logements sociaux, r\u00e9habilitation de b\u00e2timents historiques et artistiques, \u00e9tablissements de sant\u00e9 et m\u00e9dico-sociaux, h\u00f4tels, centres universitaires, etc.), ainsi que l&rsquo;architecture d&rsquo;int\u00e9rieur et l&rsquo;urbanisme. Fond\u00e9 par l&rsquo;architecte et urbaniste Julio Touza Rodr\u00edguez, le studio a r\u00e9alis\u00e9, en 50 ans d&rsquo;exp\u00e9rience,&#8230;  <a href=\"https:\/\/www.touza.com\/fr\/atelier\/\" title=\"Leer Atelier\">Leer m\u00e1s &raquo;<\/a><\/p>\n","protected":false},"author":1,"featured_media":1117,"parent":0,"menu_order":2,"comment_status":"closed","ping_status":"closed","template":"page-estudio.php","meta":{"_acf_changed":false,"footnotes":""},"categories":[],"tags":[],"class_list":["post-1132","page","type-page","status-publish","has-post-thumbnail","hentry"],"acf":[],"_links":{"self":[{"href":"https:\/\/www.touza.com\/fr\/wp-json\/wp\/v2\/pages\/1132","targetHints":{"allow":["GET"]}}],"collection":[{"href":"https:\/\/www.touza.com\/fr\/wp-json\/wp\/v2\/pages"}],"about":[{"href":"https:\/\/www.touza.com\/fr\/wp-json\/wp\/v2\/types\/page"}],"author":[{"embeddable":true,"href":"https:\/\/www.touza.com\/fr\/wp-json\/wp\/v2\/users\/1"}],"replies":[{"embeddable":true,"href":"https:\/\/www.touza.com\/fr\/wp-json\/wp\/v2\/comments?post=1132"}],"version-history":[{"count":10,"href":"https:\/\/www.touza.com\/fr\/wp-json\/wp\/v2\/pages\/1132\/revisions"}],"predecessor-version":[{"id":7482,"href":"https:\/\/www.touza.com\/fr\/wp-json\/wp\/v2\/pages\/1132\/revisions\/7482"}],"wp:featuredmedia":[{"embeddable":true,"href":"https:\/\/www.touza.com\/fr\/wp-json\/wp\/v2\/media\/1117"}],"wp:attachment":[{"href":"https:\/\/www.touza.com\/fr\/wp-json\/wp\/v2\/media?parent=1132"}],"wp:term":[{"taxonomy":"category","embeddable":true,"href":"https:\/\/www.touza.com\/fr\/wp-json\/wp\/v2\/categories?post=1132"},{"taxonomy":"post_tag","embeddable":true,"href":"https:\/\/www.touza.com\/fr\/wp-json\/wp\/v2\/tags?post=1132"}],"curies":[{"name":"wp","href":"https:\/\/api.w.org\/{rel}","templated":true}]}}

<ul>
<li>Depuis 1974, TOUZA ARQUITECTOS exerce son activité de studio professionnel, couvrant tous les domaines de l&rsquo;architecture (logements sociaux, réhabilitation de bâtiments historiques et artistiques, établissements de santé et médico-sociaux, hôtels, centres universitaires, etc.), ainsi que l&rsquo;architecture d&rsquo;intérieur et l&rsquo;urbanisme.</li>
<li>Fondé par l&rsquo;architecte et urbaniste Julio Touza Rodríguez, le studio a réalisé, en 50 ans d&rsquo;expérience, plus de 2 500 projets, notamment dans les secteurs résidentiel, bureaux et sièges sociaux, bâtiments commerciaux, complexes sportifs et hôteliers, sans oublier d&rsquo;autres typologies uniques (temples, musées, bâtiments technologiques, complexes touristiques, etc.) à différentes échelles.</li>
<li>Le travail du studio s&rsquo;inscrit dans une conception de l&rsquo;architecture au service de la société, avec pour objectif ultime le bien-être des personnes et la contribution à l&rsquo;harmonie de leur environnement, sans pour autant renoncer à ce « petit plus » que notre discipline peut apporter une fois les besoins techniques et fonctionnels satisfaits : la beauté.</li>
</ul>

<p>Depuis 1974, TOUZA ARQUITECTOS exerce son activité de studio professionnel, couvrant tous les domaines de l&rsquo;architecture (logements sociaux, réhabilitation de bâtiments historiques et artistiques, établissements de santé et médico-sociaux, hôtels, centres universitaires, etc.), ainsi que l&rsquo;architecture d&rsquo;intérieur et l&rsquo;urbanisme. Fondé par l&rsquo;architecte et urbaniste Julio Touza Rodríguez, le studio a réalisé, en 50 ans d&rsquo;expérience,&#8230;  <a href="https://www.touza.com/fr/atelier/" title="Leer Atelier">Leer más &raquo;</a></p>
